r when 4420531 is divided by 2712?
2683
What is the remainder when 930276267 is divided by 3171?
3168
Calculate the remainder when 5154948 is divided by 342.
324
What is the remainder when 1361186 is divided by 6811?
5797
What is the remainder when 26682622 is divided by 1209?
1201
Calculate the remainder when 2518267 is divided by 44.
15
What is the remainder when 35244136 is divided by 695?
686
Calculate the remainder when 133776983 is divided by 33444241.
19
Calculate the remainder when 13412 is divided by 1056.
740
Calculate the remainder when 263185 is divided by 131563.
59
Calculate the remainder when 21374478 is divided by 10687233.
12
What is the remainder when 282679 is divided by 282613?
66
What is the remainder when 916700 is divided by 1030?
0
What is the remainder when 4133986 is divided by 4133963?
23
Calculate the remainder when 1672294 is divided by 418057.
66
Calculate the remainder when 112959 is divided by 1507.
1441
Calculate the remainder when 187278 is divided by 1367.
1366
What is the remainder when 135610949 is divided by 45203646?
11
Calculate the remainder when 477387 is divided by 14038.
95
What is the remainder when 245395 is divided by 405?
370
Calculate the remainder when 264371685 is divided by 2268.
2265
What is the remainder when 34390 is divided by 2277?
235
What is the remainder when 367781 is divided by 740?
1
Calculate the remainder when 237766758 is divided by 10472.
10470
What is the remainder when 51595 is divided by 7210?
1125
Calculate the remainder when 2032164 is divided by 1529.
123
What is the remainder when 34256466 is divided by 56716?
2
Calculate the remainder when 80699153 is divided by 3287.
16
Calculate the remainder when 342928 is divided by 5276.
5264
What is the remainder when 1990137 is divided by 56861?
2
What is the remainder when 49242295 is divided by 292?
291
What is the remainder when 78257339 is divided by 201?
200
Calculate the remainder when 115610767 is divided by 357928.
23
What is the remainder when 13283145 is divided by 1046?
1037
Calculate the remainder when 244601 is divided by 40737.
179
What is the remainder when 302973 is divided by 75740?
13
Calculate the remainder when 48443 is divided by 3912.
1499
Calculate the remainder when 2506568 is divided by 49.
22
What is the remainder when 25080542 is divided by 3582929?
39
What is the remainder when 933980732 is divided by 24?
20
What is the remainder when 8671 is divided by 3687?
1297
What is the remainder when 869891 is divided by 1152?
131
Calculate the remainder when 145792 is divided by 4859.
22
What is the remainder when 24312446 is divided by 2937?
2897
What is the remainder when 38536 is divided by 2413?
2341
What is the remainder when 2744158 is divided by 2388?
346
What is the remainder when 148724 is divided by 73836?
1052
Calculate the remainder when 20179772 is divided by 35.
32
What is the remainder when 2806188 is divided by 1413?
1383
Calculate the remainder when 476724 is divided by 5362.
4868
Calculate the remainder when 851934 is divided by 104.
70
Calculate the remainder when 140400 is divided by 590.
570
Calculate the remainder when 148947 is divided by 411.
165
Calculate the remainder when 77644346 is divided by 467.
459
What is the remainder when 1584922 is divided by 105658?
52
Calculate the remainder when 2145131 is divided by 4108.
755
What is the remainder when 2108379 is divided by 234263?
12
What is the remainder when 26043725 is divided by 92?
89
What is the remainder when 5608566 is divided by 560854?
26
Calculate the remainder when 970778 is divided by 242507.
750
Calculate the remainder when 134070996 is divided by 6557.
17
What is the remainder when 2022694 is divided by 2109?
163
Calculate the remainder when 99413 is divided by 94097.
5316
What is the remainder when 1324099 is divided by 472?
139
Calculate the remainder when 7266797 is divided by 642.
641
What is the remainder when 78234652 is divided by 107?
104
Calculate the remainder when 3954767 is divided by 359524.
3
What is the remainder when 5549143 is divided by 392?
383
What is the remainder when 186562 is divided by 484?
222
What is the remainder when 1012706 is divided by 252975?
806
Calculate the remainder when 41311 is divided by 20428.
455
Calculate the remainder when 331125 is divided by 7517.
377
What is the remainder when 22511 is divided by 1066?
125
What is the remainder when 1568897 is divided by 3418?
35
Calculate the remainder when 206911 is divided by 381.
28
What is the remainder when 773675 is divided by 16?
11
Calculate the remainder when 396769 is divided by 396364.
405
What is the remainder when 24443156 is divided by 3491877?
17
Calculate the remainder when 38508455 is divided by 78.
11
What is the remainder when 3244922 is divided by 23?
13
Calculate the remainder when 51712 is divided by 2570.
312
Calculate the remainder when 70000787 is divided by 247.
246
What is the remainder when 89442 is divided by 29715?
297
What is the remainder when 23848 is divided by 13136?
10712
Calculate the remainder when 152668 is divided by 21794.
110
Calculate the remainder when 441582 is divided by 114.
60
What is the remainder when 7959027 is divided by 1564?
1395
What is the remainder when 16222516 is divided by 27449?
157
Calculate the remainder when 73850109 is divided by 399.
396
What is the remainder when 1807104 is divided by 1807077?
27
What is the remainder when 5478953 is divided by 14929?
10
What is the remainder when 174647744 is divided by 81?
80
Calculate the remainder when 14147678 is divided by 2834.
350
Calculate the remainder when 366798 is divided by 4585.
4583
What is the remainder when 2756145 is divided by 137800?
145
Calculate the remainder when 2681927 is divided by 297985.
62
Calculate the remainder when 11907010 is divided by 3057.
3052
Calculate the remainder when 5214599 is divided by 306740.
19
Calculate the remainder when 549491 is divided by 1299.
14
Calculate the remainder when 13535732 is divided by 2255953.
14
Calculate the remainder when 29777446 is divided by 776.
774
What is the remainder when 686529 is divided by 137298?
39
What is the remainder when 9769556 is divided by 860?
816
What is the remainder when 1007283 is divided by 1113?
18
Calculate the remainder when 674767 is divided by 76.
39
What is the remainder when 9779777 is divided by 8366?
8289
What is the remainder when 94374 is divided by 3621?
228
What is the remainder when 1690814 is divided by 3047?
2776
What is the remainder when 236926 is divided by 453?
7
What is the remainder when 5990 is divided by 5774?
216
What is the remainder when 191929 is divided by 62914?
3187
What is the remainder when 110776943 is divided by 50148?
11
What is the remainder when 45902372 is divided by 23661?
32
Calculate the remainder when 16430665 is divided by 232.
193
What is the remainder when 8106062 is divided by 114?
92
What is the remainder when 742223 is divided by 1167?
11
What is the remainder when 122762 is divided by 60816?
1130
What is the remainder when 137549779 is divided by 19?
1
What is the remainder when 1032806 is divided by 1698?
422
What is the remainder when 107812984 is divided by 17968830?
4
Calculate the remainder when 107675718 is divided by 3979.
3978
Calculate the remainder when 10021888 is divided by 326.
322
Calculate the remainder when 318031 is divided by 39066.
5503
What is the remainder when 152082 is divided by 16884?
126
Calculate the remainder when 32744 is divided by 10802.
338
Calculate the remainder when 217434102 is divided by 1268.
1266
Calculate the remainder when 5353278 is divided by 1338315.
18
What is the remainder when 2823599 is divided by 113?
68
Calculate the remainder when 67811771 is divided by 17.
12
What is the remainder when 331810 is divided by 36860?
70
Calculate the remainder when 11803950 is divided by 1686276.
18
What is the remainder when 115933457 is divided by 14528?
17
Calculate the remainder when 190995 is divided by 190978.
17
What is the remainder when 2671577 is divided by 166973?
9
What is the remainder when 29047 is divided by 14237?
573
Calculate the remainder when 10150 is divided by 926.
890
Calculate the remainder when 793243 is divided by 89.
75
Calculate the rema